e?
True
Is 69337 prime?
True
Is 1861 composite?
False
Is 30293 a prime number?
True
Is 21787 a composite number?
False
Is 89467 a prime number?
False
Is 184133 prime?
True
Is 70802 prime?
False
Is 396349 a prime number?
True
Is 2335 a composite number?
True
Is 99147 composite?
True
Is 53231 composite?
False
Is 29501 a prime number?
True
Is 282731 a composite number?
True
Is 2437 a prime number?
True
Is 24019 a composite number?
False
Is 512149 a composite number?
True
Is 124229 a prime number?
False
Is 52331 composite?
True
Is 33311 a prime number?
True
Is 33809 a prime number?
True
Is 119267 a prime number?
True
Is 3907 prime?
True
Is 1249 composite?
False
Is 2921 a prime number?
False
Is 153379 prime?
True
Is 9313 a composite number?
True
Is 267097 a prime number?
True
Is 3683 composite?
True
Is 88381 a composite number?
True
Is 4103 composite?
True
Is 8767 prime?
False
Is 2258 composite?
True
Is 25367 a composite number?
False
Is 492517 a composite number?
True
Is 303483 prime?
False
Is 26279 a composite number?
True
Is 11863 prime?
True
Is 216941 prime?
False
Is 1563649 composite?
False
Is 19937 a composite number?
False
Is 47837 a composite number?
False
Is 42589 a prime number?
True
Is 98471 prime?
False
Is 26387 prime?
True
Is 133447 a composite number?
False
Is 53827 composite?
True
Is 2053 composite?
False
Is 10504999 a prime number?
True
Is 17837 a prime number?
True
Is 4616511 a composite number?
True
Is 1163 composite?
False
Is 193423 a prime number?
True
Is 22405 composite?
True
Is 237113 a composite number?
True
Is 8581 prime?
True
Is 181787 a composite number?
False
Is 328183 prime?
False
Is 4227 a prime number?
False
Is 797701 prime?
True
Is 69653 a composite number?
False
Is 59141 prime?
True
Is 37385 a composite number?
True
Is 251 prime?
True
Is 1733 composite?
False
Is 20953 composite?
True
Is 6641 a composite number?
True
Is 1259 composite?
False
Is 133153 a composite number?
False
Is 619 a prime number?
True
Is 46723 prime?
True
Is 99367 prime?
True
Is 4355753 prime?
True
Is 20469 a composite number?
True
Is 70619 a prime number?
True
Is 3012979 prime?
True
Is 13389 composite?
True
Is 1374927 composite?
True
Is 36145 composite?
True
Is 329 a composite number?
True
Is 38721 a prime number?
False
Is 36791 a composite number?
False
Is 9983 a prime number?
False
Is 28321 prime?
False
Is 2836241 composite?
False
Is 2027021 a prime number?
True
Is 275863 prime?
False
Is 1931 composite?
False
Is 588383 composite?
False
Is 15397 composite?
True
Is 2845 a composite number?
True
Is 21929 a prime number?
True
Is 19077 prime?
False
Is 240398 a prime number?
False
Is 175211 a composite number?
False
Is 1937323 prime?
True
Is 231943 a prime number?
True
Is 207859 a composite number?
True
Is 34057 composite?
False
Is 74093 a composite number?
False
Is 2459 a composite number?
False
Is 172187 a composite number?
True
Is 92847 prime?
False
Is 3827 composite?
True
Is 412717 composite?
False
Is 9329 a prime number?
False
Is 1569217 prime?
False
Is 18169 composite?
False
Is 30427 a composite number?
False
Is 787694 prime?
False
Is 197551 composite?
False
Is 39643 composite?
True
Is 149 a composite number?
False
Is 1471 a composite number?
False
Is 51193 composite?
False
Is 7517 a composite number?
False
Is 20467 composite?
True
Is 10361 a composite number?
True
Is 1993 prime?
True
Is 65069 a prime number?
False
Is 469303 composite?
False
Is 5701 composite?
False
Is 452869 prime?
True
Is 61003 prime?
False
Is 17639 prime?
False
Is 53653 prime?
True
Is 41435 a composite number?
True
Is 4297 composite?
False
Is 381773 composite?
True
Is 19121 prime?
True
Is 290701 a prime number?
True
Is 214001 a composite number?
True
Is 7003 composite?
True
Is 292814 composite?
True
Is 50527 a prime number?
True
Is 431947 a composite number?
False
Is 951839 prime?
False
Is 68521 a prime number?
True
Is 7651 prime?
False
Is 26333 a prime number?
False
Is 3353 composite?
True
Is 590639 a prime number?
False
Is 21433 a composite number?
False
Is 20606 prime?
False
Is 597853 composite?
False
Is 157 a composite number?
False
Is 159514 a prime number?
False
Is 498031 a prime number?
False
Is 80909 composite?
False
Is 559667 a composite number?
False
Is 24659 a prime number?
True
Is 12677 composite?
True
Is 269201 a composite number?
False
Is 412537 a composite number?
False
Is 1251826 prime?
False
Is 29333 a prime number?
True
Is 1762581 a prime number?
False
Is 2159 prime?
False
Is 42083 a composite number?
False
Is 8263 composite?
False
Is 1501 a composite number?
True
Is 711889 a prime number?
True
Is 2086541 a composite number?
True
Is 213646 a composite number?
True
Is 95539 prime?
True
Is 106831 prime?
False
Is 22433 composite?
False
Is 371062 a prime number?
False
Is 381599 prime?
False
Is 230809 a prime number?
False
Is 13253 composite?
True
Is 81527 prime?
True
Is 9767 composite?
False
Is 756961 a composite number?
False
Is 10641 composite?
True
Is 51605 a prime number?
False
Is 127646 prime?
False
Is 5903 a prime number?
True
Is 8053423 a prime number?
False
Is 3814139 prime?
False
Is 39563 composite?
False
Is 85209 a prime number?
False
Is 83597 a composite number?
False
Is 160099 composite?
True
Is 470759 composite?
True
Is 84355 prime?
False
Is 238705 prime?
False
Is 17209 prime?
True
Is 10579 a composite number?
True
Is 1118677 composite?
True
Is 9495527 a composite number?
True
Is 116027 a composite number?
False
Is 173993 composite?
False
Is 21929 a composite number?
False
Is 85777 a composite number?
True
Is 110843 composite?
True
Is 1333 a composite number?
True
Is 3916229 composite?
False
Is 8663 a composite number?
False
Is 3805 prime?
False
Is 199 a composite number?
False
Is 32069 a prime number?
True
Is 11303 prime?
False
Is 12689 prime?
True
Is 241387 a prime number?
False
Is 26769 prime?
False
Is 150473 composite?
False
Is 2901 a prime number?
False
Is 253247 composite?
False
Is 811133 a prime number?
False
Is 1151 a prime number?
True
Is 163433 composite?
False
Is 11657 composite?
False
Is 197537 composite?
True
Is 2364877 a composite number?
False
Is 24085 a composite number?
True
Is 17231 a prime number?
True
Is 188921 a composite number?
True
Is 80463 a prime number?
False
Is 105863 a composite number?
False
Is 7361 composite?
True
Is 851 a prime number?
False
Is 23255 a composite number?
True
Is 3545353 prime?
False
Is 16333 a composite number?
False
Is 1592261 composite?
True
Is 178643 prime?
True
Is 12226 composite?
True
Is 5513 a composite number?
True
Is 4421 composite?
False
Is 76907 composite?
False
Is 190939 a prime number?
False
Is 550961 a prime number?
True
Is 212165 a prime number?
False
Is 11719 a prime number?
True
Is 73693 a prime number?
True
Is 17707 a composite number?
False
Is 253307 prime?
True
Is 1187411 a composite number?
False
Is 6779 prime?
True
Is 16787 a composite number?
False
Is 2333 prime?
True
Is 373903 a composite number?
False
Is 570995 composite?
True
Is 105601 composite?
False
Is 162649 a prime number?
True
Is 431227 prime?
False
Is 528679 a prime number?
True
Is 40611 a composite number?
True
Is 25267 a prime number?
False
Is 20153 composite?
True
Is 1951 a composite number?
False
Is 85781 composite?
False
Is 1491853 prime?
False
Is 377051 a prime number?
True
Is 55147 a composite number?
False
Is 13001 a composite number?
False
Is 498313 composite?
True
Is 63521 a composite number?
False
Is 106593 a composite number?
True
Is 5834 a prime number?
False
Is 151973 a prime number?
False
Is 201811 a composite number?
True
Is 2423153 prime?
False
Is 165641 a prime number?
False
Is 493153 a prime number?
False
Is 1764067 a composite number?
False
Is 104459 composite?
False
Is 279041 prime?
False
Is 17201 composite?
True
Is 303073 a prime number?
True
Is 47933 a prime number?
True
Is 13829 prime?
True
Is 430973 a composite number?
True
Is 301837 composite?
True
Is 4621 composite?
False
Is 22519 prime?
False
Is 206383 composite?
False
Is 948793 a composite number?
True
Is 3399785 prime?
False
Is 124519 a composite number?
True
Is 19937 prime?
True
Is 185159 composite?
True
Is 156531 a prime number?
False
Is 18041 prime?
True
Is 245995 a prime number?
False
Is 165511 composite?
False
Is 159961 composite?
